 467 = 2*y - 5*h. Let j = y + -81. Calculate the remainder when j is divided by t(-6).
23
Let b(p) = 7*p - 59. Let v be b(20). Let s = -36 + v. Calculate the remainder when 134 is divided by s.
44
Let p = 22972 + -22628. Let s = 39 + -16. Calculate the remainder when p is divided by s.
22
Let w(q) = 59*q**2 + 27*q - 10. What is the remainder when w(-3) is divided by 50?
40
Suppose 5*m = -3*f + 5807, m - 4*f = -3*m + 4652. Calculate the remainder when m is divided by 16.
10
Let d(o) = 4*o - 2. Let x = 37693 - 37142. What is the remainder when x is divided by d(12)?
45
Suppose -5*v + 2*k + 101 = 0, 77*v + k = 76*v + 16. Calculate the remainder when 1/6 - 1079/(-6) is divided by v.
9
What is the remainder when 3224 is divided by 559/13*(3 - 4)/(-1)?
42
Calculate the remainder when 203/28*(-88)/(-11)*11 is divided by 565.
73
What is the remainder when (-44)/((-5)/(-20) + 228/(-784)) is divided by 214?
8
Let d(h) = -23*h - 39. Let z be d(-2). Suppose 7*x + z = 0, n + 0*x - 3*x = 266. Calculate the remainder when n is divided by 12.
11
Suppose 5*t - 47 + 32 = 0. What is the remainder when 74/(-222) - (-139)/t is divided by 5?
1
Calculate the remainder when 347 is divided by (((-2)/4)/(29/58))/(2/(-42)).
11
Let k(f) = 2*f**3 + 10*f**2 + 6*f - 26. Let h be k(5). Let a = h - 463. Calculate the remainder when 77 is divided by a.
36
Suppose 2*h + 211 + 104 = 5*c, 5*h = -4*c + 252. Calculate the remainder when 7684 is divided by c.
61
Suppose -l = -2*q + 11010 - 2586, -q - 5*l + 4223 = 0. What is the remainder when q is divided by 17?
14
Suppose 7*m + 6 = 8*m. Suppose -m*g = -10*g + 280. Let p = 170 + -146. Calculate the remainder when g is divided by p.
22
Let f(s) = 9*s**3 - 2*s**2 - 1. Let g be f(-1). Calculate the remainder when 82 is divided by (-1 + 2)*(-444)/g.
8
Let a = -4682 + 4754. Calculate the remainder when 471 is divided by a.
39
Let j = -1050 + 1203. What is the remainder when 269 is divided by j?
116
Suppose -298 = -3*a - 118. Calculate the remainder when ((-6)/16)/(924/(-2360050)) + (-6)/(-32) is divided by a.
58
Let l = -189 + 192. Suppose 653 + 28 = l*z. Calculate the remainder when z is divided by 42.
17
Let t = -299 - -765. Suppose t - 70 = 11*x. Suppose -p - 4*b - 6 = p, -2*b - 10 = 0. Calculate the remainder when x is divided by p.
1
Suppose -40*u = -8*u - 11616. Calculate the remainder when 30921/u - (-2)/(-11) is divided by 45.
40
Suppose 3*x + b = 184, 5*x - 30*b = -38*b + 294. Suppose -107 = -4*d + 17. Suppose -4*i + 33 = -d. Calculate the remainder when x is divided by i.
14
Let r(x) = x**3 + 5*x**2 - 5*x + 2. Let v be r(-3). Let n be (-195)/(-21) + (-10)/v. Suppose -3*p + 39 = -n. Calculate the remainder when p is divided by 9.
7
Let h be ((-70)/(-15))/((-6)/(-441) - 0). Suppose 3*b - h = 4*u, 0 = -4*b + u + 2*u + 469. What is the remainder when b is divided by ((-3)/2)/(3/(-50))?
21
Let s = -88 - -199. Let a = s + -66. What is the remainder when 179 is divided by a?
44
Let c = 1464 - 1383. Calculate the remainder when c is divided by 18/(-12)*58/(-3).
23
Calculate the remainder when (1368/84 - (1 + 15))/(4/10514) is divided by 195.
166
Let x be -4*1*45/(-18). Suppose -v + x = 11, 5*k - 5*v = 10. Let q(w) = -w + 9. Calculate the remainder when k is divided by q(8).
0
Suppose -88 - 187 = -15*z + 565. Calculate the remainder when z is divided by 23.
10
Let j = -2315 + 2691. What is the remainder when j is divided by 136?
104
Let u = -195 - -226. Suppose u*f = 5*t + 29*f - 45, -43 = -4*t + 3*f. Calculate the remainder when 25 is divided by t.
4
Let h(f) = 6*f**3 - 64*f**2 + 52*f - 41. Calculate the remainder when 260 is divided by h(10).
23
Let c(a) = -9*a - 77. Let k be c(-18). Suppose k = 4*r + y - 0, -y - 20 = -r. Let x(l) = 2*l**2 + 2*l - 2. What is the remainder when x(-5) is divided by r?
17
Suppose -1398 - 5196 = -471*a. Calculate the remainder when 97 + 2/2*-1 is divided by a.
12
Suppose 2*o = -r - o + 106, 0 = -5*r + 5*o + 450. Suppose -6 = -f + 3*z, r = 4*f + 4*z + 22. Let p = -718 - -727. What is the remainder when f is divided by p?
6
Let c(r) = r**3 + 7*r**2 + 12*r + 40. Suppose -8 = 3*b - 3*m + 19, -2*b + m - 13 = 0. What is the remainder when 557 is divided by c(b)?
37
Suppose -20*m + 4598 = 86*m + 15*m. Let l(d) = d**2 + 16*d + 24. Calculate the remainder when m is divided by l(-15).
2
Let o(n) = -n**3 + 19*n**2 + 6*n + 9. Calculate the remainder when o(19) is divided by 3.
0
Calculate the remainder when (-7)/(-1) - 1*(-384 - -14) is divided by 122.
11
Let d = 2262 - 2238. Let q(p) = p**3 + 9*p**2 - 2*p. Calculate the remainder when q(-4) is divided by d.
16
Let l(j) = -6*j**3 + 2*j**2 - 4*j - 10. What is the remainder when 429 is divided by l(-2)?
51
Suppose 285*l - 1884 = 1445 + 1231. Calculate the remainder when 635 is divided by l.
11
Suppose 91*r - 80*r - 154 = 0. Suppose -5*l + 3 = -12. Calculate the remainder when 1*l - (-816)/4 is divided by r.
11
Let s be ((-6)/(-21))/(6/21). Calculate the remainder when (4 + 6 + 201)*s is divided by 43.
39
Let u(q) = 0*q + 4*q**2 + q**2 + 1 - q. Let a = 405 + -378. Calculate the remainder when u(4) is divided by a.
23
Suppose -30*k = -32*k + 288. Suppose -3*a - 3*y + 297 + k = 0, 0 = -2*a - 5*y + 294. What is the remainder when a is divided by 50?
47
Suppose -3*f - 2*f + 15 = 0, 5*f = -3*h + 198. Let n = 82342 - 82329. What is the remainder when h is divided by n?
9
Let m = 8108 - 7424. What is the remainder when m is divided by 227?
3
Let u(b) = -6*b**2 - 30*b + 27. Let a(c) = -8 - 2 - 5 + 5*c**2 - 13 + 29*c. Let h(i) = 5*a(i) + 4*u(i). Calculate the remainder when h(-28) is divided by 14.
10
Let p = -209 - 21. Let y(o) = o**2 + o - 80. Let k be y(0). Let t = k - p. What is the remainder when t is divided by 38?
36
What is the remainder when (-1*190/(-6))/((-119)/(-357)) is divided by 30?
5
Let t be ((-20)/70 + (-18)/(-14))*8. Suppose 11*f - t = 9*f. Calculate the remainder when 212 is divided by 3/f*(-172)/(-3).
40
Let z be -4 - ((-2)/(-11) + (-6852)/(-66)). Let b = 94 + z. Calculate the remainder when 106 is divided by (-1 + 22/b)*(10 - 17).
16
Let s(f) = -f**3 - f**2 - 4*f + 32. Let t be s(6). Let w = -239 - t. Calculate the remainder when 12 is divided by w.
2
Let v(r) = 674*r**2 + 31*r - 59. Calculate the remainder when v(2) is divided by 9.
8
Suppose 5123*a - 2080 = 5103*a. What is the remainder when 302 is divided by a?
94
Let j(t) = -6*t - 18. Let c be j(-7). Suppose 0 = -c*o + 14*o + 2390. What is the remainder when o is divided by 61?
56
Let t(m) = 7*m**2 + 47*m - 7. Let v(s) = s**2 - 4*s - 39. Let x be v(8). Let c = 62 - 44. Calculate the remainder when c is divided by t(x).
4
Suppose 9*b - 404 + 5 = 204. What is the remainder when -533*(1 - 0)*-1 is divided by b?
64
Let k be (534/(-8))/(21/(-28)). Let d = k + -65. Suppose -3*b + 104 = 2*t, 0*t = -t + 4*b + 30. Calculate the remainder when t is divided by d.
22
What is the remainder when (192500/2475)/(1/63) is divided by 114?
112
Suppose a - 2*a + 22 = 2*u, -5*u + 4*a = -81. Suppose 160 = 4*k - v, -2*k - 4*v + 49 = -u. What is the remainder when 191 is divided by k?
35
Let q = -3903 - -10667. Calculate the remainder when q is divided by 165.
164
Let v = -7240 + 7278. Calculate the remainder when 7103 is divided by v.
35
Suppose -7*d + 9*d = -12, -2*r = 5*d + 4. Let q(j) = 35*j**2 + j - 1. Calculate the remainder when q(2) is divided by r.
11
Let z = -68 + 70. Suppose -3078 = -z*s - 7*s. Calculate the remainder when s is divided by 49.
48
Suppose -307 = -4*w + 3*f - 177, -3*w = -f - 95. Let i(n) = -n**3 + 4*n**2 + 6*n + 4. Calculate the remainder when w is divided by i(5).
4
Suppose -5*t + 31350 = 5*i, -t - 2*i = -4222 - 2041. What is the remainder when t is divided by 39?
37
Suppose 0 = 3*k + 15*k + 432. Calculate the remainder when 30 is divided by 0 + ((-176)/k)/((-2)/(-3)).
8
Let c = -6656 - -6786. What is the remainder when 507 is divided by c?
117
Calculate the remainder when (160/144*(-303)/5)/(2/(-3)) is divided by 2*(-2)/(-4)*41.
19
Let n(s) = -114*s + 824. What is the remainder when n(3) is divided by 131?
89
Suppose -6*f - 3420 = -822. Let b = f + 615. What is the remainder when b is divided by 17?
12
Suppose 0 = 83*v - 21176 + 3898 - 18163. Calculate the remainder when v is divided by 201.
25